{"id":51,"date":"2025-09-20T15:06:52","date_gmt":"2025-09-20T15:06:52","guid":{"rendered":"https:\/\/diyetteyizistanbul.com\/?page_id=51"},"modified":"2025-09-20T19:31:02","modified_gmt":"2025-09-20T19:31:02","slug":"yuz-yuze-beslenme-danismanligi","status":"publish","type":"page","link":"https:\/\/diyetteyizistanbul.com\/index.php\/yuz-yuze-beslenme-danismanligi\/","title":{"rendered":"Y\u00fcz Y\u00fcze Beslenme Dan\u0131\u015fmanl\u0131\u011f\u0131"},"content":{"rendered":"\n<div class=\"wp-block-columns is-layout-flex wp-container-core-columns-is-layout-28f84493 wp-block-columns-is-layout-flex\"><\/div>\n\n\n\n<div class=\"wp-block-columns is-layout-flex wp-container-core-columns-is-layout-28f84493 wp-block-columns-is-layout-flex\">\n<div class=\"wp-block-column is-layout-flow wp-block-column-is-layout-flow\" style=\"flex-basis:33.33%\">\n<div class=\"wp-block-buttons is-layout-flex wp-block-buttons-is-layout-flex\">\n<div class=\"wp-block-button\"><a class=\"wp-block-button__link wp-element-button\" href=\"https:\/\/diyetteyizistanbul.com\/index.php\/online-beslenme-danismanligi\/\">Online Beslenme Dan\u0131\u015fmanl\u0131\u011f\u0131                      <\/a><\/div>\n\n\n\n<div class=\"wp-block-button\"><a class=\"wp-block-button__link wp-element-button\" href=\"https:\/\/diyetteyizistanbul.com\/index.php\/yuz-yuze-beslenme-danismanligi\/\">Y\u00fcz Y\u00fcze Beslenme Dan\u0131\u015fmanl\u0131\u011f\u0131                  <\/a><\/div>\n\n\n\n<div class=\"wp-block-button\"><a class=\"wp-block-button__link wp-element-button\" href=\"https:\/\/diyetteyizistanbul.com\/wp-admin\/post.php?post=52&amp;action=edit\">Sporcu Beslenme Dan\u0131\u015fmanl\u0131\u011f\u0131                     <\/a><\/div>\n\n\n\n<div class=\"wp-block-button\"><a class=\"wp-block-button__link wp-element-button\" href=\"https:\/\/diyetteyizistanbul.com\/index.php\/bagisiklik-guclendirici-beslenme-danismanligi\/\">Ba\u011f\u0131\u015f\u0131kl\u0131k G\u00fc\u00e7lendirici Beslenme Dan\u0131\u015fmanl\u0131\u011f\u0131<br><\/a><\/div>\n<\/div>\n<\/div>\n\n\n\n<div class=\"wp-block-column is-layout-flow wp-block-column-is-layout-flow\" style=\"flex-basis:66.66%\">\n<p><img loading=\"lazy\" decoding=\"async\" width=\"750\" height=\"750\" class=\"wp-image-53\" style=\"width: 750px;\" src=\"https:\/\/diyetteyizistanbul.com\/wp-content\/uploads\/2025\/09\/bf14eecd17389766d8a9b46d7b101bf2.jpg\" alt=\"\" srcset=\"https:\/\/diyetteyizistanbul.com\/wp-content\/uploads\/2025\/09\/bf14eecd17389766d8a9b46d7b101bf2.jpg 1000w, https:\/\/diyetteyizistanbul.com\/wp-content\/uploads\/2025\/09\/bf14eecd17389766d8a9b46d7b101bf2-300x300.jpg 300w, https:\/\/diyetteyizistanbul.com\/wp-content\/uploads\/2025\/09\/bf14eecd17389766d8a9b46d7b101bf2-150x150.jpg 150w, https:\/\/diyetteyizistanbul.com\/wp-content\/uploads\/2025\/09\/bf14eecd17389766d8a9b46d7b101bf2-768x768.jpg 768w\" sizes=\"auto, (max-width: 750px) 100vw, 750px\" \/>Y\u00fcz y\u00fcze beslenme dan\u0131\u015fmanl\u0131\u011f\u0131 ile sa\u011fl\u0131kl\u0131 ya\u015fam yolculu\u011funuza birlikte ad\u0131m at\u0131yoruz. Her g\u00f6r\u00fc\u015fmede, hem beslenme al\u0131\u015fkanl\u0131klar\u0131n\u0131z\u0131 d\u00fczenliyor hem de de\u011fi\u015fiminizi ad\u0131m ad\u0131m takip ediyoruz.Y\u00fcz y\u00fcze beslenme dan\u0131\u015fmanl\u0131\u011f\u0131 ile sa\u011fl\u0131kl\u0131 ya\u015fam yolculu\u011funuza birlikte ad\u0131m at\u0131yoruz. Her g\u00f6r\u00fc\u015fmede, hem beslenme al\u0131\u015fkanl\u0131klar\u0131n\u0131z\u0131 d\u00fczenliyor hem de de\u011fi\u015fiminizi ad\u0131m ad\u0131m takip ediyoruz.<\/p>\n\n\n\n<p>Merkezimizde ger\u00e7ekle\u015fen haftal\u0131k bulu\u015fmalar, kilo ve v\u00fccut \u00f6l\u00e7\u00fcmlerinizle desteklenerek s\u00fcrecinizi somut bir \u015fekilde g\u00f6zlemlememizi sa\u011flar. Y\u00fcz y\u00fcze dan\u0131\u015fmanl\u0131k, beslenme deste\u011finin en bilinen ve geleneksel y\u00f6ntemi olmas\u0131n\u0131n yan\u0131nda, birebir ileti\u015fimin g\u00fcc\u00fcn\u00fc de beraberinde getirir.<\/p>\n\n\n\n<p>Randevular\u0131m\u0131zda, size \u00f6zel beslenme plan\u0131n\u0131z\u0131n t\u00fcm detaylar\u0131n\u0131 birlikte de\u011ferlendirir, ilerlemenizi yak\u0131ndan takip ederiz. Kar\u015f\u0131l\u0131kl\u0131 ileti\u015fimin sa\u011flad\u0131\u011f\u0131 motivasyon ve g\u00fcven, s\u00fcrecin en de\u011ferli par\u00e7alar\u0131ndan biridir.<\/p>\n\n\n\n<p>Sizi tan\u0131mak ve hayalinizdeki sa\u011fl\u0131kl\u0131 bedene do\u011fru bu yolculukta yan\u0131n\u0131zda olmak bizim i\u00e7in b\u00fcy\u00fck bir mutluluk olacak. \u0130lk ad\u0131m\u0131 atman\u0131z yeterli, sonras\u0131 birlikte keyifle ilerleyece\u011fimiz bir s\u00fcre\u00e7 olacak.<\/p>\n\n\n\n<p><\/p>\n\n\n\n<p><\/p>\n\n\n\n<p><\/p>\n<\/div>\n<\/div>\n","protected":false},"excerpt":{"rendered":"<p>Y\u00fcz y\u00fcze beslenme dan\u0131\u015fmanl\u0131\u011f\u0131 ile sa\u011fl\u0131kl\u0131 ya\u015fam yolculu\u011funuza birlikte ad\u0131m at\u0131yoruz. Her g\u00f6r\u00fc\u015fmede, hem beslenme al\u0131\u015fkanl\u0131klar\u0131n\u0131z\u0131 d\u00fczenliyor hem de de\u011fi\u015fiminizi ad\u0131m ad\u0131m takip ediyoruz.Y\u00fcz y\u00fcze beslenme dan\u0131\u015fmanl\u0131\u011f\u0131 ile sa\u011fl\u0131kl\u0131 ya\u015fam yolculu\u011funuza birlikte ad\u0131m at\u0131yoruz. Her g\u00f6r\u00fc\u015fmede, hem beslenme al\u0131\u015fkanl\u0131klar\u0131n\u0131z\u0131 d\u00fczenliyor hem de de\u011fi\u015fiminizi ad\u0131m ad\u0131m takip ediyoruz. Merkezimizde ger\u00e7ekle\u015fen haftal\u0131k bulu\u015fmalar, kilo ve v\u00fccut \u00f6l\u00e7\u00fcmlerinizle [&hellip;]<\/p>\n","protected":false},"author":1,"featured_media":0,"parent":0,"menu_order":0,"comment_status":"closed","ping_status":"closed","template":"","meta":{"footnotes":""},"class_list":["post-51","page","type-page","status-publish","hentry"],"_links":{"self":[{"href":"https:\/\/diyetteyizistanbul.com\/index.php\/wp-json\/wp\/v2\/pages\/51","targetHints":{"allow":["GET"]}}],"collection":[{"href":"https:\/\/diyetteyizistanbul.com\/index.php\/wp-json\/wp\/v2\/pages"}],"about":[{"href":"https:\/\/diyetteyizistanbul.com\/index.php\/wp-json\/wp\/v2\/types\/page"}],"author":[{"embeddable":true,"href":"https:\/\/diyetteyizistanbul.com\/index.php\/wp-json\/wp\/v2\/users\/1"}],"replies":[{"embeddable":true,"href":"https:\/\/diyetteyizistanbul.com\/index.php\/wp-json\/wp\/v2\/comments?post=51"}],"version-history":[{"count":4,"href":"https:\/\/diyetteyizistanbul.com\/index.php\/wp-json\/wp\/v2\/pages\/51\/revisions"}],"predecessor-version":[{"id":68,"href":"https:\/\/diyetteyizistanbul.com\/index.php\/wp-json\/wp\/v2\/pages\/51\/revisions\/68"}],"wp:attachment":[{"href":"https:\/\/diyetteyizistanbul.com\/index.php\/wp-json\/wp\/v2\/media?parent=51"}],"curies":[{"name":"wp","href":"https:\/\/api.w.org\/{rel}","templated":true}]}}